 10*v + 6. What is p(-10)?
6
Let g(l) = 5*l + 1. Determine g(-6).
-29
Let v(r) = -6*r**3 + r. Determine v(-1).
5
Let s(v) = -v - 15. Give s(-13).
-2
Let u(c) = -c**3 - c**2 + 2*c - 2. Determine u(1).
-2
Let z(j) = -23*j**2 + 2*j - 6. Determine z(2).
-94
Let k(w) = -w**3 - 9*w**2 + 54*w - 10. What is k(4)?
-2
Let p(m) = -6*m + 5. Calculate p(-1).
11
Let l(a) = -a**2 + 32*a - 85. Give l(29).
2
Let w(z) = 3*z - 64. What is w(21)?
-1
Let n(i) = 2*i**2 - 8*i + 7. Determine n(4).
7
Let p(o) = -24*o**2 - 2*o - 1. Calculate p(-2).
-93
Let g(q) = 6*q + 2. What is g(5)?
32
Let n(h) = 4*h - 104. Calculate n(33).
28
Let f(u) = u**3 - 3*u**2 - 5*u + 1. What is f(4)?
-3
Let j(l) = 17*l**3 + 6*l + 6. Give j(-1).
-17
Let w(u) = u**2 + 1. Calculate w(4).
17
Let r(v) = -2*v**2 - v + 94. Determine r(6).
16
Let x(z) = z**2 + 5*z + 2. Give x(-4).
-2
Let q(f) = -f**3 - 7*f**2 + 8*f. Calculate q(-8).
0
Let n(t) = 2*t**2 - 25*t - 48. Calculate n(14).
-6
Let k(h) = 4*h + 15. Determine k(-4).
-1
Let n(r) = -r**2 - 20*r - 7. Determine n(-17).
44
Let x(s) = -14*s + 143. Determine x(11).
-11
Let s(f) = -6*f - 21. What is s(-2)?
-9
Let r(z) = 7*z**2 - 11*z + 7. Determine r(1).
3
Let o(k) = 9*k + 24. Give o(-9).
-57
Let u(m) = 27*m - 2. Calculate u(2).
52
Let f(d) = 11*d - 8. Calculate f(1).
3
Let m(r) = 4*r**2 + 3*r - 6. Determine m(2).
16
Let r(f) = f**2 - 18*f - 114. Calculate r(-5).
1
Let b(l) = -9*l - 3. Calculate b(-1).
6
Let m(l) = 3*l**2 - 5*l - 27. What is m(-5)?
73
Let w(f) = 3*f - 30. Give w(10).
0
Let f(g) = g**3 - 13*g**2 - 15*g + 11. What is f(14)?
-3
Let m(o) = -7*o. Determine m(-2).
14
Let y(v) = -v**2 + v + 14. Give y(5).
-6
Let m(v) = v**3 - 19*v**2 - 4*v - 43. Give m(19).
-119
Let z(d) = -5*d - 5. What is z(-7)?
30
Let l(f) = f**3 + 7*f**2 - 8*f - 10. Calculate l(-7).
46
Let i(m) = -2*m**2 + 17*m - 10. Determine i(11).
-65
Let b(t) = -5*t - 9. Calculate b(-6).
21
Let i(s) = 3*s**2 + 8*s - 1. Determine i(-3).
2
Let q(d) = -2*d + 25. Calculate q(17).
-9
Let t(s) = -s**3 + 4*s**2 + 2*s + 5. Calculate t(4).
13
Let a(y) = -2*y + 28. Determine a(-7).
42
Let j(f) = -7*f - 7. Give j(-6).
35
Let k(o) = o**2 - 15*o - 40. Determine k(17).
-6
Let m(i) = 4*i - 1. Give m(-2).
-9
Let g(r) = -r**3 + 18*r**2 - 50*r + 73. Calculate g(15).
-2
Let d(c) = -c**2 + 3*c - 15. Calculate d(5).
-25
Let l(p) = p**3 - 6*p**2 - 5*p - 11. Calculate l(7).
3
Let d(v) = 4*v**3 + 3*v**2. What is d(-3)?
-81
Let t(b) = b**2 - 7*b - 4. What is t(6)?
-10
Let p(n) = -n**3 + 3*n**2 + 3*n + 11. Calculate p(5).
-24
Let z(a) = a**3 - 16*a**2 + a - 23. What is z(16)?
-7
Let i(z) = -z**3 + 2*z**2 + 12*z. Give i(6).
-72
Let m(c) = 16*c - 12. Determine m(1).
4
Let g(r) = -145*r**3 - 2*r**2 + r. Calculate g(1).
-146
Let j(a) = a**3 + 24*a**2 + 38*a - 128. Give j(-22).
4
Let g(k) = -k**2 - 2*k + 18. What is g(3)?
3
Let l(d) = -d**2 - 6*d - 1. Give l(-4).
7
Let y(r) = -r**3 + 11*r**2 - 18*r - 5. Give y(9).
-5
Let s(m) = -51*m - 6. Give s(-1).
45
Let o(q) = q**3 - 2*q**2 - q - 62. Determine o(0).
-62
Let k(r) = -r**3 + 78*r**2 + 163*r - 240. Determine k(80).
0
Let j(p) = 3*p**2 + 7*p + 4. Calculate j(-2).
2
Let t(k) = k**3 + 9*k**2 - 12*k + 1. Give t(-10).
21
Let z(f) = 2*f**3 - 31*f**2 - 9*f - 114. Give z(16).
-2
Let y(f) = f**3 - 33*f**2 + 31*f + 17. Calculate y(32).
-15
Let c(z) = z**3 - 7*z**2 - 33*z + 22. Determine c(10).
-8
Let w(a) = a**3 - 30*a**2 - 27. Calculate w(30).
-27
Let s(l) = -l**3 + 13*l**2 + 15*l + 4. Determine s(14).
18
Let p(x) = -x**3 - 5*x**2 - 4*x + 2. What is p(-5)?
22
Let x(w) = -63*w**2 + 1. Give x(-1).
-62
Let v(n) = -14*n + 53. What is v(5)?
-17
Let i(g) = g + 5. What is i(8)?
13
Let v(d) = -d**3 - 10*d**2 + 4*d + 23. Determine v(-11).
100
Let h(l) = -l**3 - 39*l**2 + 40*l - 15. What is h(-40)?
-15
Let g(b) = b + 5. Determine g(-6).
-1
Let s(c) = 8*c**2 - 2*c + 1. What is s(2)?
29
Let r(m) = -13*m**3 - 2*m**2 - m. Determine r(-1).
12
Let o(d) = d**2 + 9*d - 5. Calculate o(-9).
-5
Let g(x) = x + 8. Calculate g(-7).
1
Let a(x) = -x**2 - 5*x - 2. Give a(-2).
4
Let t(g) = 4*g**2 + g + 4. Determine t(-2).
18
Let x(r) = -r**2 - 10*r + 1. Give x(-8).
17
Let c(q) = 5*q**2 - 7*q - 2. Give c(3).
22
Let j(d) = -d - 30. Determine j(-22).
-8
Let j(l) = l**3 - 17*l**2 + 18*l + 5. Calculate j(16).
37
Let a(q) = 7*q - 88. What is a(12)?
-4
Let p(v) = v**3 + 10*v**2 - 2*v - 38. What is p(-10)?
-18
Let d(n) = 8*n - 69. Determine d(8).
-5
Let l(y) = -12*y**2 + 3*y - 2. Calculate l(1).
-11
Let l(u) = -u**3 + 14*u**2 + 13*u + 28. What is l(15)?
-2
Let x(k) = k**2 + 6*k + 2. Determine x(5).
57
Let h(p) = -p**2 + 13*p - 38. Give h(9).
-2
Let a(s) = 8*s**2 + 2*s - 9. Determine a(4).
127
Let k(f) = -9*f + 130. Determine k(17).
-23
Let p(m) = -12*m + 32. What is p(3)?
-4
Let k(l) = -10*l**2 + 1. Calculate k(-1).
-9
Let w(a) = -78*a - 156. Give w(-2).
0
Let a(b) = -b**2 - 9*b + 2. Calculate a(-8).
10
Let c(y) = 2*y**2 + y - 37. Calculate c(5).
18
Let x(m) = -m**3 + 6*m**2 - 2*m + 10. Give x(6).
-2
Let n(g) = 18*g. Calculate n(2).
36
Let z(x) = -32*x - 902. Give z(-28).
-6
Let b(f) = f**2 - 3*f + 1. Determine b(0).
1
Let s(b) = -b**3 - 7*b**2 + 13*b - 19. Determine s(-9).
26
Let u(s) = 6*s + 49. What is u(-7)?
7
Let x(c) = -c**2 - 9*c + 38. Give x(-12).
2
Let o(f) = -2*f + 25. Calculate o(14).
-3
Let j(d) = d**3 + 14*d**2 + 13*d - 4. What is j(-13)?
-4
Let y(h) = -h**3 + 11*h**2 - 14*h + 27. Calculate y(9).
63
Let p(y) = y**3 + 5*y + 4. Give p(-1).
-2
Let u(z) = z**2 - 4*z - 36. Give u(-4).
-4
Let w(r) = r**2 + 24*r - 220. Calculate w(-31).
-3
Let d(t) = 21*t + 95. Determine d(-4).
11
Let n(b) = -b + 32. Give n(11).
21
Let a(t) = t**2 - 2*t - 3. Calculate a(4).
5
Let i(w) = 4*w**2 - 14*w + 24. Determine i(2).
12
Let g(q) = -71*q - 415. Give g(-6).
11
Let b(l) = 3*l**2 - 14*l + 9. Calculate b(4).
1
Let v(a) = 22*a**3 + 2*a**2 - 2*a + 1. Calculate v(1).
23
Let h(x) = -x**2 + 11*x - 12. Calculate h(9).
6
Let p(b) = -b**3 - 13*b**2 - 20*b - 94. Give p(-12).
2
Let s(t) = -t**3 + 9*t**2 + 12*t - 33. Calculate s(10).
-13
Let c(h) = 2*h**2 + 15*h + 54. What is c(-4)?
26
Let j(r) = r + 10. Calculate j(-5).
5
Let z(d) = -3*d + 6. Give z(12).
-30
Let g(l) = -l**2 + 20. Determine g(0).
20
Let y(g) = -2*g**2 - 43*g - 21. Determine y(-21).
0
Let y(h) = -5*h**2 + 9. Determine y(3).
-36
Let f(i) = 3*i + 82. What is f(-18)?
28
Let y(a) = 2*a + 34. Give y(5).
44
Let s(r) = 22*r - 185. Determine s(8).
-9
Let b(c) = -c**3 - 6*c**2 - 3*c + 6. Give b(-7).
76
Let u(y) = 11*y - 52. Determine u(4).
-8
Let m(k) = 6*k**2 + 5*k + 6. Determine m(-1).
7
Let p(s) = 4*s - 31. What is p(0)?
-31
Let m(g) = g**3 + 4*g**2 + 2*g. Determine m(-4).
-8
Let g(t) = 3*t - 39. Calculate g(8).
-15
Let h(q) = q**2 + 15*q + 5. Calculate h(-15).
5
Let g(z) = -z**3 - 11*z**2 + 12*z - 2. What is g(-12)?
-2
Let d(c) = -124*c - 866. Calculate d(-7).
2
Let t(i) = -3*i - 3. Calculate t(2).
-9
Let l(o) = -o**2 + o + 12. Calculate l(10).
-78
Let g(h) = h**2 - 4*h. Give g(2).
-4
Let u(r) = 16*r**2 - 3*r - 2. Calculate u(-1).
17
Let o(x) = -x**2 - 5*x + 7. Calculate o(-6).
1
Let d(h) = -h**3 + 3*h + 2. Calculate d(3).
-16
Let m(f) = -22*f**3 - 2*f**2 - 3*f - 2. What is m(-1)?
21
Let s(y) = -123*y - 980. Calculate s(-8).
4
Let z(y) = -4*y - 10. Calculate z(-9).
26
Let t(l) = -9*l - 63. Calculate t(2).
-81
Let u(w) = -w**3 + 5*w**2 - 3*w - 2. Calculate u(5).
-17
Let x(b) = 2*b**2 + 33*b + 14. Determine x(-16).
-2
Let q(w) = 7*w**2 + 3*w + 4. Determine q(-2).
26
Let q(v) = -v**2 - 6*v + 46. Calculate q(5).
-9
Let s(y) = -y**2 + 3*y + 12. Give s(6).
-6
Let c(v) = 12*v + 26. Determine c(-2).
2
Let b(t) = -t + 44. Give b(-12).
56
Let z(m) = m**3 - 6*m**2 - m + 2. Calculate z(6).
-4
Let v(j) = 3*j**2 + 8*j - 7. Give v(3).
44
Let p(r) = 23*r**2 - 5*r + 4. Determine p(2).
86
Let s(l) = 2*l**2 + 3. Calculate s(-3).
21
Let s(u) = u + 1. What is s(-5)?
-4
Let l(a) = -a**2 + 11*a - 2. What is l(11)?
-2
Let m(u) = -93*u + 2. What is m(-1)?
95
Let v(r) = -6*r + 2. What is v(2)?
-10
Let i(l) = -l**2 + 8*l + 23. Determine i(11).
-10
Let s(p) = p**2 + 15*p - 6. Give s(-12).
-42
Let y(i) = -46*i**3 + 2*i - 3. Calculate y(1).
-47
Let l(s) = s**3 + 2*s**2 - 2*s + 12. Give l(3).
51
Let z(c) = -c**2 - 4*c + 2. Determine z(-4).
2
Let a(r) = -r**2 + 4*r + 46. Calculate a(11).
-31
L